9 and 10119487?
889
Calculate the greatest common divisor of 88796 and 3476.
316
Calculate the highest common divisor of 1715 and 132545.
245
What is the greatest common factor of 13902 and 210?
42
Calculate the highest common factor of 1180 and 2379175.
295
Calculate the greatest common divisor of 171 and 118693.
19
What is the greatest common divisor of 12 and 382008?
12
What is the greatest common divisor of 27192 and 792?
264
What is the highest common factor of 23698 and 238?
34
Calculate the highest common factor of 55523 and 26.
13
Calculate the highest common divisor of 7857 and 567.
81
Calculate the highest common factor of 60434 and 82.
82
What is the greatest common divisor of 32 and 23752?
8
Calculate the greatest common factor of 208868 and 202.
202
What is the greatest common factor of 11102 and 2548?
182
Calculate the greatest common divisor of 770 and 222695.
55
What is the greatest common divisor of 68 and 3706?
34
What is the greatest common factor of 26964 and 315?
63
Calculate the greatest common factor of 823848 and 24.
24
Calculate the highest common divisor of 684672 and 1152.
384
What is the greatest common divisor of 243821 and 157?
157
What is the greatest common factor of 2209 and 1692?
47
Calculate the greatest common factor of 17366 and 763190.
914
What is the highest common divisor of 588832 and 224?
32
What is the highest common divisor of 82288 and 6394?
278
What is the greatest common divisor of 9 and 227223?
9
Calculate the greatest common factor of 77975 and 400.
25
Calculate the greatest common factor of 207 and 859671.
207
Calculate the highest common factor of 6016 and 77456.
752
Calculate the greatest common divisor of 345 and 3855.
15
What is the highest common factor of 1782 and 23958?
198
Calculate the highest common factor of 5516 and 23548.
28
What is the highest common factor of 2875 and 14628?
23
Calculate the greatest common factor of 24 and 1212.
12
Calculate the greatest common factor of 20547 and 35767.
761
What is the highest common factor of 670 and 29882?
134
Calculate the greatest common divisor of 21464437 and 29.
29
What is the greatest common factor of 11324 and 3686?
38
Calculate the greatest common divisor of 2187 and 39.
3
What is the highest common divisor of 45 and 382725?
45
What is the greatest common divisor of 165 and 5665?
55
Calculate the highest common divisor of 432 and 469746.
54
What is the greatest common divisor of 17261 and 133457?
421
Calculate the greatest common factor of 12506 and 8214.
74
Calculate the greatest common divisor of 1620 and 170370.
270
Calculate the greatest common factor of 14353 and 18983.
463
Calculate the greatest common factor of 18 and 2899593.
9
Calculate the highest common divisor of 193193 and 392.
7
What is the highest common divisor of 15050 and 8120?
70
Calculate the highest common divisor of 54322 and 692.
346
What is the greatest common divisor of 1225913 and 521?
521
Calculate the highest common factor of 32879 and 1952.
61
What is the greatest common factor of 72 and 972972?
36
Calculate the highest common divisor of 70 and 2027270.
70
What is the greatest common divisor of 2530 and 286?
22
Calculate the greatest common divisor of 12784 and 20400.
272
What is the highest common divisor of 196 and 64428?
28
What is the greatest common factor of 39 and 73060?
13
What is the highest common factor of 39 and 1369212?
39
Calculate the greatest common factor of 7921 and 10502.
89
What is the greatest common divisor of 28116 and 88?
44
Calculate the greatest common factor of 530440 and 356.
356
Calculate the greatest common factor of 13536 and 624.
48
What is the highest common divisor of 1890 and 50490?
270
Calculate the greatest common divisor of 161 and 18768.
23
Calculate the highest common divisor of 1136 and 864.
16
Calculate the greatest common divisor of 304 and 379772.
76
What is the greatest common factor of 180 and 6675660?
180
What is the greatest common divisor of 581 and 102505?
83
Calculate the highest common divisor of 46842 and 555774.
1266
What is the highest common divisor of 14807 and 3536?
221
What is the greatest common divisor of 9695 and 50137?
277
Calculate the highest common factor of 856 and 11449.
107
Calculate the highest common divisor of 705 and 79900.
235
Calculate the highest common factor of 98 and 10206.
14
Calculate the greatest common divisor of 63 and 392007.
21
What is the greatest common divisor of 3783 and 26?
13
Calculate the highest common divisor of 576 and 22288.
16
Calculate the greatest common divisor of 30 and 17175.
15
Calculate the highest common divisor of 268 and 194434.
134
Calculate the highest common factor of 186 and 1127625.
93
What is the highest common factor of 252 and 944979?
21
Calculate the highest common factor of 10241 and 33.
11
Calculate the greatest common factor of 836830 and 670.
670
What is the highest common divisor of 10706 and 1696?
106
Calculate the highest common divisor of 437065 and 305.
305
What is the greatest common divisor of 481 and 368927?
481
What is the greatest common divisor of 3995 and 411955?
235
What is the greatest common divisor of 1335496 and 776?
776
What is the highest common divisor of 627 and 136477?
209
What is the greatest common divisor of 495331 and 335?
67
What is the greatest common divisor of 240 and 548130?
30
Calculate the highest common factor of 719136 and 1362.
1362
What is the highest common factor of 14 and 12202?
2
What is the greatest common divisor of 170 and 222462?
34
Calculate the highest common factor of 40534 and 195.
13
What is the greatest common factor of 32075 and 25?
25
What is the highest common factor of 13068 and 12042?
54
Calculate the highest common divisor of 2104253 and 524.
131
What is the greatest common divisor of 1352 and 78247?
169
Calculate the highest common divisor of 5047 and 319403.
721
What is the greatest common factor of 14523 and 564?
141
Calculate the greatest common divisor of 102 and 254014.
34
Calculate the highest common factor of 325 and 58838.
13
What is the highest common factor of 136 and 138652?
68
Calculate the highest common divisor of 13302 and 9414.
18
Calculate the greatest common divisor of 224 and 514542.
14
Calculate the greatest common factor of 240652 and 68.
68
Calculate the greatest common divisor of 956 and 148.
4
What is the greatest common factor of 8979 and 4161?
219
Calculate the greatest common divisor of 64 and 447136.
32
Calculate the greatest common divisor of 346403 and 23.
23
What is the highest common divisor of 13284 and 282900?
492
Calculate the highest common factor of 22 and 238887.
11
Calculate the greatest common divisor of 140308 and 184.
4
Calculate the highest common factor of 882 and 34202.
98
Calculate the greatest common divisor of 482392 and 3400.
136
Calculate the highest common divisor of 5265 and 24765.
195
Calculate the highest common divisor of 4774 and 3878.
14
Calculate the highest common divisor of 225 and 14085.
45
What is the highest common factor of 501 and 303?
3
Calculate the greatest common divisor of 5632 and 39512.
88
Calculate the highest common factor of 147 and 146727.
21
What is the greatest common divisor of 2805 and 20757?
561
What is the highest common factor of 6846 and 1904?
14
Calculate the greatest common factor of 2605 and 31781.
521
Calculate the greatest common divisor of 441729 and 6.
3
What is the greatest common divisor of 24 and 24564?
12
Calculate the greatest common divisor of 223 and 1713755.
223
What is the highest common factor of 4270 and 28?
14
Calculate the greatest common factor of 915 and 1329617.
61
What is the greatest common divisor of 315 and 7287?
21
What is the greatest common factor of 16632 and 568568?
616
What is the highest common divisor of 20 and 12930?
10
Calculate the highest common factor of 110 and 320155.
55
Calculate the highest common divisor of 3254 and 38.
2
What is the greatest common divisor of 252 and 73766?
14
Calculate the greatest common divisor of 1224 and 357816.
408
Calculate the highest common divisor of 31126 and 79.
79
Calculate the greatest common factor of 16761 and 121404.
453
What is the greatest common factor of 52587 and 72?
9
What is the highest common factor of 484 